5
What is the remainder when 665 is divided by 221?
2
Calculate the remainder when 1415 is divided by 24.
23
Calculate the remainder when 492 is divided by 162.
6
Calculate the remainder when 138 is divided by 34.
2
Calculate the remainder when 742 is divided by 21.
7
What is the remainder when 4962 is divided by 4?
2
What is the remainder when 235 is divided by 22?
15
What is the remainder when 1549 is divided by 16?
13
Calculate the remainder when 126 is divided by 60.
6
What is the remainder when 230 is divided by 13?
9
What is the remainder when 230 is divided by 42?
20
What is the remainder when 3766 is divided by 4?
2
What is the remainder when 962 is divided by 48?
2
What is the remainder when 953 is divided by 53?
52
Calculate the remainder when 2945 is divided by 4.
1
What is the remainder when 1094 is divided by 221?
210
Calculate the remainder when 2599 is divided by 4.
3
What is the remainder when 27805 is divided by 352?
349
Calculate the remainder when 600 is divided by 43.
41
Calculate the remainder when 1833 is divided by 12.
9
Calculate the remainder when 356 is divided by 60.
56
What is the remainder when 48 is divided by 30?
18
What is the remainder when 63 is divided by 13?
11
What is the remainder when 4054 is divided by 52?
50
Calculate the remainder when 214 is divided by 16.
6
Calculate the remainder when 86 is divided by 23.
17
What is the remainder when 194 is divided by 66?
62
What is the remainder when 74 is divided by 67?
7
Calculate the remainder when 32 is divided by 31.
1
Calculate the remainder when 219 is divided by 56.
51
Calculate the remainder when 10579 is divided by 67.
60
Calculate the remainder when 100 is divided by 55.
45
Calculate the remainder when 1443 is divided by 22.
13
What is the remainder when 714 is divided by 246?
222
What is the remainder when 1189 is divided by 14?
13
Calculate the remainder when 422 is divided by 29.
16
Calculate the remainder when 526 is divided by 33.
31
Calculate the remainder when 56 is divided by 19.
18
What is the remainder when 233 is divided by 114?
5
Calculate the remainder when 244 is divided by 139.
105
What is the remainder when 693 is divided by 46?
3
Calculate the remainder when 467 is divided by 28.
19
What is the remainder when 11479 is divided by 140?
139
Calculate the remainder when 1538 is divided by 9.
8
What is the remainder when 149 is divided by 51?
47
Calculate the remainder when 14078 is divided by 22.
20
Calculate the remainder when 193 is divided by 11.
6
Calculate the remainder when 406 is divided by 37.
36
What is the remainder when 19527 is divided by 155?
152
What is the remainder when 4205 is divided by 23?
19
Calculate the remainder when 668 is divided by 8.
4
Calculate the remainder when 2211 is divided by 18.
15
Calculate the remainder when 1326 is divided by 395.
141
Calculate the remainder when 1555 is divided by 82.
79
What is the remainder when 2728 is divided by 39?
37
What is the remainder when 224 is divided by 19?
15
Calculate the remainder when 600 is divided by 204.
192
Calculate the remainder when 78 is divided by 6.
0
Calculate the remainder when 427 is divided by 113.
88
Calculate the remainder when 266 is divided by 199.
67
Calculate the remainder when 3847 is divided by 7.
4
What is the remainder when 324 is divided by 49?
30
What is the remainder when 1725 is divided by 16?
13
Calculate the remainder when 1493 is divided by 65.
63
Calculate the remainder when 21 is divided by 8.
5
Calculate the remainder when 2223 is divided by 1098.
27
What is the remainder when 247 is divided by 21?
16
What is the remainder when 574 is divided by 101?
69
What is the remainder when 1193 is divided by 92?
89
What is the remainder when 353 is divided by 47?
24
What is the remainder when 413 is divided by 23?
22
Calculate the remainder when 16265 is divided by 83.
80
What is the remainder when 1256 is divided by 90?
86
Calculate the remainder when 329 is divided by 27.
5
What is the remainder when 1372 is divided by 342?
4
What is the remainder when 728 is divided by 64?
24
Calculate the remainder when 119 is divided by 30.
29
What is the remainder when 520 is divided by 16?
8
What is the remainder when 73 is divided by 20?
13
What is the remainder when 269 is divided by 10?
9
Calculate the remainder when 452 is divided by 17.
10
What is the remainder when 225 is divided by 77?
71
Calculate the remainder when 159 is divided by 36.
15
Calculate the remainder when 4323 is divided by 287.
18
Calculate the remainder when 333 is divided by 5.
3
Calculate the remainder when 140 is divided by 36.
32
Calculate the remainder when 657 is divided by 229.
199
What is the remainder when 316 is divided by 115?
86
Calculate the remainder when 98 is divided by 52.
46
Calculate the remainder when 492 is divided by 155.
27
Calculate the remainder when 4448 is divided by 1482.
2
What is the remainder when 28 is divided by 11?
6
Calculate the remainder when 67 is divided by 14.
11
What is the remainder when 46 is divided by 43?
3
Calculate the remainder when 368 is divided by 10.
8
What is the remainder when 1881 is divided by 237?
222
What is the remainder when 188 is divided by 4?
0
What is the remainder when 1460 is divided by 462?
74
What is the remainder when 232 is divided by 174?
58
What is the remainder when 516 is divided by 19?
3
Calculate the remainder when 2479 is divided by 34.
31
Calculate the remainder when 324 is divided by 82.
78
What is the remainder when 734 is divided by 23?
21
What is the remainder when 9480 is divided by 499?
498
What is the remainder when 101 is divided by 13?
10
Calculate the remainder when 1708 is divided by 16.
12
Calculate the remainder when 65 is divided by 3.
2
What is the remainder when 947 is divided by 311?
14
What is the remainder when 1230 is divided by 35?
5
What is the remainder when 407 is divided by 170?
67
Calculate the remainder when 1048 is divided by 33.
25
Calculate the remainder when 3896 is divided by 100.
96
Calculate the remainder when 699 is divided by 18.
15
What is the remainder when 1817 is divided by 181?
7
Calculate the remainder when 296 is divided by 15.
11
What is the remainder when 1166 is divided by 35?
11
Calculate the remainder when 17698 is divided by 12.
10
Calculate the remainder when 677 is divided by 179.
140
Calculate the remainder when 2050 is divided by 36.
34
Calculate the remainder when 78 is divided by 21.
15
What is the remainder when 1470 is divided by 45?
30
What is the remainder when 345 is divided by 12?
9
Calculate the remainder when 2432 is divided by 1211.
10
Calculate the remainder when 135 is divided by 28.
23
Calculate the remainder when 26 is divided by 20.
6
Calculate the remainder when 1380 is divided by 11.
5
Calculate the remainder when 1651 is divided by 73.
45
Calculate the remainder when 1100 is divided by 208.
60
What is the remainder when 6572 is divided by 153?
146
What is the remainder when 84 is divided by 18?
12
What is the remainder when 4995 is divided by 42?
39
Calculate the remainder when 170 is divided by 19.
18
What is the remainder when 438 is divided by 111?
105
What is the remainder when 256 is divided by 59?
20
What is the remainder when 149 is divided by 144?
5
Calculate the remainder when 104 is divided by 58.
46
What is the remainder when 2401 is divided by 9?
7
Calculate the remainder when 150 is divided by 74.
2
What is the remainder when 270 is divided by 55?
50
Calculate the remainder when 44261 is divided by 88.
85
Calculate the remainder when 8765 is divided by 68.
61
Calculate the remainder when 603 is divided by 221.
161
What is the remainder when 76 is divided by 72?
4
Calculate the remainder when 2890 is divided by 58.
48
Calculate the remainder when 18 is divided by 7.
4
What is the remainder when 130 is divided by 101?
29
What is the remainder when 188 is divided by 14?
6
Calculate the remainder when 15222 is divided by 13.
12
Calculate the remainder when 70 is divided by 14.
0
Calculate the remainder when 1648 is divided by 809.
30
What is the remainder when 146 is divided by 15?
11
What is the remainder when 251 is divided by 26?
17
Calculate the remainder when 1261 is divided by 251.
6
Calculate the remainder when 1